{"id":7,"date":"2024-07-27T11:03:58","date_gmt":"2024-07-27T11:03:58","guid":{"rendered":"http:\/\/davids-macbook-pro-13.local\/capitanavispa\/cart\/"},"modified":"2024-12-01T21:56:46","modified_gmt":"2024-12-01T21:56:46","slug":"cart","status":"publish","type":"page","link":"https:\/\/capitanavispa.com\/tienda\/cart\/","title":{"rendered":"Cart"},"content":{"rendered":"<div data-block-name=\"woocommerce\/cart\" class=\"wp-block-woocommerce-cart alignwide is-loading\"><div data-block-name=\"woocommerce\/filled-cart-block\" class=\"wp-block-woocommerce-filled-cart-block\"><div data-block-name=\"woocommerce\/cart-items-block\" class=\"wp-block-woocommerce-cart-items-block\"><div data-block-name=\"woocommerce\/cart-line-items-block\" class=\"wp-block-woocommerce-cart-line-items-block\">\u00a0<\/div>\r\n\r\n<div data-block-name=\"woocommerce\/cart-cross-sells-block\" class=\"wp-block-woocommerce-cart-cross-sells-block\"><h2 class=\"wp-block-heading has-large-font-size\">You may be interested in\u2026<\/h2>\r\n\r\n<div data-block-name=\"woocommerce\/cart-cross-sells-products-block\" class=\"wp-block-woocommerce-cart-cross-sells-products-block\">\u00a0<\/div><\/div><\/div>\r\n\r\n<div data-block-name=\"woocommerce\/cart-totals-block\" class=\"wp-block-woocommerce-cart-totals-block\"><div data-block-name=\"woocommerce\/cart-order-summary-block\" class=\"wp-block-woocommerce-cart-order-summary-block\"><div data-block-name=\"woocommerce\/cart-order-summary-heading-block\" class=\"wp-block-woocommerce-cart-order-summary-heading-block\">\u00a0<\/div>\r\n\r\n<div data-block-name=\"woocommerce\/cart-order-summary-coupon-form-block\" class=\"wp-block-woocommerce-cart-order-summary-coupon-form-block\">\u00a0<\/div>\r\n\r\n\r\n\r\n\r\n\r\n\r\n\r\n\r\n\r\n<div data-block-name=\"woocommerce\/cart-order-summary-totals-block\" class=\"wp-block-woocommerce-cart-order-summary-totals-block\">\n<div data-block-name=\"woocommerce\/cart-order-summary-subtotal-block\" class=\"wp-block-woocommerce-cart-order-summary-subtotal-block\">\u00a0<\/div>\n<div data-block-name=\"woocommerce\/cart-order-summary-discount-block\" class=\"wp-block-woocommerce-cart-order-summary-discount-block\">\u00a0<\/div>\n<div data-block-name=\"woocommerce\/cart-order-summary-fee-block\" class=\"wp-block-woocommerce-cart-order-summary-fee-block\">\u00a0<\/div>\n<div data-block-name=\"woocommerce\/cart-order-summary-shipping-block\" class=\"wp-block-woocommerce-cart-order-summary-shipping-block\">\u00a0<\/div>\n<div data-block-name=\"woocommerce\/cart-order-summary-taxes-block\" class=\"wp-block-woocommerce-cart-order-summary-taxes-block\">\u00a0<\/div><\/div><\/div>\r\n\r\n<div data-block-name=\"woocommerce\/cart-express-payment-block\" class=\"wp-block-woocommerce-cart-express-payment-block\">\u00a0<\/div>\r\n\r\n<div data-block-name=\"woocommerce\/proceed-to-checkout-block\" class=\"wp-block-woocommerce-proceed-to-checkout-block\">\u00a0<\/div>\r\n\r\n<div data-block-name=\"woocommerce\/cart-accepted-payment-methods-block\" class=\"wp-block-woocommerce-cart-accepted-payment-methods-block\">\u00a0<\/div><\/div><\/div>\r\n\r\n<div data-block-name=\"woocommerce\/empty-cart-block\" class=\"wp-block-woocommerce-empty-cart-block\"><h2 class=\"wp-block-heading has-text-align-center with-empty-cart-icon wc-block-cart__empty-cart__title\">Your cart is currently empty!<\/h2>\r\n\r\n<hr class=\"wp-block-separator has-alpha-channel-opacity is-style-dots\" \/>\r\n\r\n<h2 class=\"wp-block-heading has-text-align-center\">New in store<\/h2>\r\n\r\n<div data-block-name=\"woocommerce\/product-new\" data-columns=\"4\" data-rows=\"1\" class=\"wc-block-grid wp-block-product-new wp-block-woocommerce-product-new wc-block-product-new has-4-columns\"><ul class=\"wc-block-grid__products\"><li class=\"wc-block-grid__product\">\n\t\t\t\t<a href=\"https:\/\/capitanavispa.com\/tienda\/producto\/peluche-capitan-avispa\/\" class=\"wc-block-grid__product-link\">\n\t\t\t\t\t\n\t\t\t\t\t<div class=\"wc-block-grid__product-image\"><img loading=\"lazy\" decoding=\"async\" width=\"300\" height=\"300\" src=\"https:\/\/capitanavispa.com\/tienda\/wp-content\/uploads\/2025\/01\/Muneco-Capitan-Avispa-300x300.png\" class=\"attachment-woocommerce_thumbnail size-woocommerce_thumbnail\" alt=\"Mu\u00f1eco Capitan Avispa\" srcset=\"https:\/\/capitanavispa.com\/tienda\/wp-content\/uploads\/2025\/01\/Muneco-Capitan-Avispa-300x300.png 300w, https:\/\/capitanavispa.com\/tienda\/wp-content\/uploads\/2025\/01\/Muneco-Capitan-Avispa-150x150.png 150w, https:\/\/capitanavispa.com\/tienda\/wp-content\/uploads\/2025\/01\/Muneco-Capitan-Avispa-100x100.png 100w\" sizes=\"auto, (max-width: 300px) 100vw, 300px\" \/><\/div>\n\t\t\t\t\t<div class=\"wc-block-grid__product-title\">Peluche Capit\u00e1n Avispa<\/div>\n\t\t\t\t<\/a>\n\t\t\t\t<div class=\"wc-block-grid__product-price price\"><span class=\"woocommerce-Price-amount amount\"><span class=\"woocommerce-Price-currencySymbol\">RD&#036;<\/span>1,200.00<\/span><\/div>\n\t\t\t\t\n\t\t\t\t<div class=\"wp-block-button wc-block-grid__product-add-to-cart\"><a href=\"?add-to-cart=242\" aria-label=\"A\u00f1adir al carrito: &ldquo;Peluche Capit\u00e1n Avispa&rdquo;\" data-quantity=\"1\" data-product_id=\"242\" data-product_sku=\"\" data-price=\"1200\" rel=\"nofollow\" class=\"wp-block-button__link  add_to_cart_button ajax_add_to_cart\">A\u00f1adir al carrito<\/a><\/div>\n\t\t\t<\/li><li class=\"wc-block-grid__product\">\n\t\t\t\t<a href=\"https:\/\/capitanavispa.com\/tienda\/producto\/libro-capitan-avispa\/\" class=\"wc-block-grid__product-link\">\n\t\t\t\t\t\n\t\t\t\t\t<div class=\"wc-block-grid__product-image\"><img loading=\"lazy\" decoding=\"async\" width=\"300\" height=\"300\" src=\"https:\/\/capitanavispa.com\/tienda\/wp-content\/uploads\/2024\/11\/LIBRO-Capitan-Avispa-300x300.png\" class=\"attachment-woocommerce_thumbnail size-woocommerce_thumbnail\" alt=\"LIBRO - Capitan Avispa\" srcset=\"https:\/\/capitanavispa.com\/tienda\/wp-content\/uploads\/2024\/11\/LIBRO-Capitan-Avispa-300x300.png 300w, https:\/\/capitanavispa.com\/tienda\/wp-content\/uploads\/2024\/11\/LIBRO-Capitan-Avispa-150x150.png 150w, https:\/\/capitanavispa.com\/tienda\/wp-content\/uploads\/2024\/11\/LIBRO-Capitan-Avispa-100x100.png 100w\" sizes=\"auto, (max-width: 300px) 100vw, 300px\" \/><\/div>\n\t\t\t\t\t<div class=\"wc-block-grid__product-title\">Libro Capit\u00e1n Avispa<\/div>\n\t\t\t\t<\/a>\n\t\t\t\t<div class=\"wc-block-grid__product-price price\"><span class=\"woocommerce-Price-amount amount\"><span class=\"woocommerce-Price-currencySymbol\">RD&#036;<\/span>800.00<\/span><\/div>\n\t\t\t\t\n\t\t\t\t<div class=\"wp-block-button wc-block-grid__product-add-to-cart\"><a href=\"?add-to-cart=185\" aria-label=\"A\u00f1adir al carrito: &ldquo;Libro Capit\u00e1n Avispa&rdquo;\" data-quantity=\"1\" data-product_id=\"185\" data-product_sku=\"\" data-price=\"800\" rel=\"nofollow\" class=\"wp-block-button__link  add_to_cart_button ajax_add_to_cart\">A\u00f1adir al carrito<\/a><\/div>\n\t\t\t<\/li><li class=\"wc-block-grid__product\">\n\t\t\t\t<a href=\"https:\/\/capitanavispa.com\/tienda\/producto\/kit-todos-los-cuadernos\/\" class=\"wc-block-grid__product-link\">\n\t\t\t\t\t\n\t\t\t\t\t<div class=\"wc-block-grid__product-image\"><img loading=\"lazy\" decoding=\"async\" width=\"300\" height=\"300\" src=\"https:\/\/capitanavispa.com\/tienda\/wp-content\/uploads\/2024\/11\/KIT-LIBROS-Capitan-Avispa-1-300x300.png\" class=\"attachment-woocommerce_thumbnail size-woocommerce_thumbnail\" alt=\"KIT - Todos los Cuadernos\" srcset=\"https:\/\/capitanavispa.com\/tienda\/wp-content\/uploads\/2024\/11\/KIT-LIBROS-Capitan-Avispa-1-300x300.png 300w, https:\/\/capitanavispa.com\/tienda\/wp-content\/uploads\/2024\/11\/KIT-LIBROS-Capitan-Avispa-1-150x150.png 150w, https:\/\/capitanavispa.com\/tienda\/wp-content\/uploads\/2024\/11\/KIT-LIBROS-Capitan-Avispa-1-100x100.png 100w\" sizes=\"auto, (max-width: 300px) 100vw, 300px\" \/><\/div>\n\t\t\t\t\t<div class=\"wc-block-grid__product-title\">KIT &#8211; Todos los Cuadernos<\/div>\n\t\t\t\t<\/a>\n\t\t\t\t<div class=\"wc-block-grid__product-price price\"><span class=\"woocommerce-Price-amount amount\"><span class=\"woocommerce-Price-currencySymbol\">RD&#036;<\/span>1,000.00<\/span><\/div>\n\t\t\t\t\n\t\t\t\t<div class=\"wp-block-button wc-block-grid__product-add-to-cart\"><a href=\"?add-to-cart=197\" aria-label=\"A\u00f1adir al carrito: &ldquo;KIT - Todos los Cuadernos&rdquo;\" data-quantity=\"1\" data-product_id=\"197\" data-product_sku=\"\" data-price=\"1000\" rel=\"nofollow\" class=\"wp-block-button__link  add_to_cart_button ajax_add_to_cart\">A\u00f1adir al carrito<\/a><\/div>\n\t\t\t<\/li><li class=\"wc-block-grid__product\">\n\t\t\t\t<a href=\"https:\/\/capitanavispa.com\/tienda\/producto\/cuaderno-capitan-avispa-2\/\" class=\"wc-block-grid__product-link\">\n\t\t\t\t\t\n\t\t\t\t\t<div class=\"wc-block-grid__product-image\"><img loading=\"lazy\" decoding=\"async\" width=\"300\" height=\"300\" src=\"https:\/\/capitanavispa.com\/tienda\/wp-content\/uploads\/2024\/11\/Cuaderno-Capitan-Avispa-300x300.png\" class=\"attachment-woocommerce_thumbnail size-woocommerce_thumbnail\" alt=\"Cuaderno Capit\u00e1n Avispa\" srcset=\"https:\/\/capitanavispa.com\/tienda\/wp-content\/uploads\/2024\/11\/Cuaderno-Capitan-Avispa-300x300.png 300w, https:\/\/capitanavispa.com\/tienda\/wp-content\/uploads\/2024\/11\/Cuaderno-Capitan-Avispa-150x150.png 150w, https:\/\/capitanavispa.com\/tienda\/wp-content\/uploads\/2024\/11\/Cuaderno-Capitan-Avispa-100x100.png 100w\" sizes=\"auto, (max-width: 300px) 100vw, 300px\" \/><\/div>\n\t\t\t\t\t<div class=\"wc-block-grid__product-title\">Cuaderno Capit\u00e1n Avispa<\/div>\n\t\t\t\t<\/a>\n\t\t\t\t<div class=\"wc-block-grid__product-price price\"><span class=\"woocommerce-Price-amount amount\"><span class=\"woocommerce-Price-currencySymbol\">RD&#036;<\/span>120.00<\/span><\/div>\n\t\t\t\t\n\t\t\t\t<div class=\"wp-block-button wc-block-grid__product-add-to-cart\"><a href=\"?add-to-cart=193\" aria-label=\"A\u00f1adir al carrito: &ldquo;Cuaderno Capit\u00e1n Avispa&rdquo;\" data-quantity=\"1\" data-product_id=\"193\" data-product_sku=\"\" data-price=\"120\" rel=\"nofollow\" class=\"wp-block-button__link  add_to_cart_button ajax_add_to_cart\">A\u00f1adir al carrito<\/a><\/div>\n\t\t\t<\/li><\/ul><\/div><\/div><\/div>","protected":false},"excerpt":{"rendered":"<p>\u00a0 \u00a0 \u00a0 \u00a0 \u00a0 \u00a0 \u00a0 \u00a0 \u00a0 \u00a0 \u00a0 \u00a0 Peluche Capit\u00e1n Avispa RD&#036;1,200.00 A\u00f1adir al carrito Libro Capit\u00e1n Avispa RD&#036;800.00 A\u00f1adir al&hellip;<\/p>\n","protected":false},"author":1,"featured_media":0,"parent":0,"menu_order":0,"comment_status":"closed","ping_status":"closed","template":"","meta":{"footnotes":""},"class_list":["post-7","page","type-page","status-publish","hentry"],"_links":{"self":[{"href":"https:\/\/capitanavispa.com\/tienda\/wp-json\/wp\/v2\/pages\/7","targetHints":{"allow":["GET"]}}],"collection":[{"href":"https:\/\/capitanavispa.com\/tienda\/wp-json\/wp\/v2\/pages"}],"about":[{"href":"https:\/\/capitanavispa.com\/tienda\/wp-json\/wp\/v2\/types\/page"}],"author":[{"embeddable":true,"href":"https:\/\/capitanavispa.com\/tienda\/wp-json\/wp\/v2\/users\/1"}],"replies":[{"embeddable":true,"href":"https:\/\/capitanavispa.com\/tienda\/wp-json\/wp\/v2\/comments?post=7"}],"version-history":[{"count":4,"href":"https:\/\/capitanavispa.com\/tienda\/wp-json\/wp\/v2\/pages\/7\/revisions"}],"predecessor-version":[{"id":223,"href":"https:\/\/capitanavispa.com\/tienda\/wp-json\/wp\/v2\/pages\/7\/revisions\/223"}],"wp:attachment":[{"href":"https:\/\/capitanavispa.com\/tienda\/wp-json\/wp\/v2\/media?parent=7"}],"curies":[{"name":"wp","href":"https:\/\/api.w.org\/{rel}","templated":true}]}}