{"id":197,"date":"2024-11-08T23:29:15","date_gmt":"2024-11-08T23:29:15","guid":{"rendered":"https:\/\/capitanavispa.com\/tienda\/?post_type=product&#038;p=197"},"modified":"2024-12-12T13:31:37","modified_gmt":"2024-12-12T13:31:37","slug":"kit-todos-los-cuadernos","status":"publish","type":"product","link":"https:\/\/capitanavispa.com\/tienda\/producto\/kit-todos-los-cuadernos\/","title":{"rendered":"KIT &#8211; Todos los Cuadernos"},"content":{"rendered":"<p><span style=\"font-weight: 400;\">Cuadernos con portadas diferentes y coloridas de los personajes principales de Capit\u00e1n Avispa, con 240 p\u00e1ginas de una l\u00ednea, perfectos para los m\u00e1s peque\u00f1os de la casa, para el colegio, tareas, escribir, dibujar y mucho m\u00e1s.\u00a0 <\/span><\/p>\n","protected":false},"excerpt":{"rendered":"<p>Cuadernos con portadas diferentes y coloridas de los personajes principales de Capit\u00e1n Avispa, con 240 p\u00e1ginas de una l\u00ednea, perfectos para los m\u00e1s peque\u00f1os de&hellip;<\/p>\n","protected":false},"featured_media":202,"template":"","meta":[],"product_brand":[],"product_cat":[30,32],"product_tag":[],"class_list":{"0":"post-197","1":"product","2":"type-product","3":"status-publish","4":"has-post-thumbnail","6":"product_cat-cuadernos","7":"product_cat-kits","9":"first","10":"instock","11":"shipping-taxable","12":"purchasable","13":"product-type-simple"},"precio":"1000","precio_html":"<span class=\"woocommerce-Price-amount amount\"><bdi><span class=\"woocommerce-Price-currencySymbol\">RD&#36;<\/span>1,000.00<\/bdi><\/span>","add_to_cart_url":"?add-to-cart=197","_links":{"self":[{"href":"https:\/\/capitanavispa.com\/tienda\/wp-json\/wp\/v2\/product\/197","targetHints":{"allow":["GET"]}}],"collection":[{"href":"https:\/\/capitanavispa.com\/tienda\/wp-json\/wp\/v2\/product"}],"about":[{"href":"https:\/\/capitanavispa.com\/tienda\/wp-json\/wp\/v2\/types\/product"}],"wp:featuredmedia":[{"embeddable":true,"href":"https:\/\/capitanavispa.com\/tienda\/wp-json\/wp\/v2\/media\/202"}],"wp:attachment":[{"href":"https:\/\/capitanavispa.com\/tienda\/wp-json\/wp\/v2\/media?parent=197"}],"wp:term":[{"taxonomy":"product_brand","embeddable":true,"href":"https:\/\/capitanavispa.com\/tienda\/wp-json\/wp\/v2\/product_brand?post=197"},{"taxonomy":"product_cat","embeddable":true,"href":"https:\/\/capitanavispa.com\/tienda\/wp-json\/wp\/v2\/product_cat?post=197"},{"taxonomy":"product_tag","embeddable":true,"href":"https:\/\/capitanavispa.com\/tienda\/wp-json\/wp\/v2\/product_tag?post=197"}],"curies":[{"name":"wp","href":"https:\/\/api.w.org\/{rel}","templated":true}]}}